emainder when 290 is divided by 24.
2
Calculate the remainder when 789 is divided by 88.
85
Calculate the remainder when 2362 is divided by 59.
2
Calculate the remainder when 4289 is divided by 38.
33
What is the remainder when 159 is divided by 90?
69
Calculate the remainder when 204 is divided by 52.
48
What is the remainder when 105 is divided by 14?
7
Calculate the remainder when 1757 is divided by 583.
8
Calculate the remainder when 957 is divided by 7.
5
Calculate the remainder when 71 is divided by 20.
11
Calculate the remainder when 208 is divided by 40.
8
Calculate the remainder when 357 is divided by 13.
6
What is the remainder when 54 is divided by 40?
14
What is the remainder when 3506 is divided by 82?
62
Calculate the remainder when 167 is divided by 14.
13
Calculate the remainder when 64 is divided by 23.
18
What is the remainder when 150 is divided by 9?
6
What is the remainder when 14403 is divided by 26?
25
What is the remainder when 141 is divided by 47?
0
Calculate the remainder when 14201 is divided by 268.
265
What is the remainder when 2974 is divided by 25?
24
Calculate the remainder when 199 is divided by 35.
24
Calculate the remainder when 89 is divided by 47.
42
Calculate the remainder when 1605 is divided by 46.
41
Calculate the remainder when 2047 is divided by 64.
63
What is the remainder when 21420 is divided by 37?
34
Calculate the remainder when 1427 is divided by 68.
67
What is the remainder when 575 is divided by 144?
143
What is the remainder when 51515 is divided by 324?
323
What is the remainder when 19088 is divided by 83?
81
What is the remainder when 9 is divided by 4?
1
Calculate the remainder when 573 is divided by 567.
6
Calculate the remainder when 569 is divided by 26.
23
Calculate the remainder when 532 is divided by 137.
121
Calculate the remainder when 496 is divided by 11.
1
What is the remainder when 131 is divided by 23?
16
What is the remainder when 339 is divided by 42?
3
What is the remainder when 401 is divided by 48?
17
Calculate the remainder when 147 is divided by 30.
27
What is the remainder when 186 is divided by 25?
11
What is the remainder when 243 is divided by 6?
3
What is the remainder when 71 is divided by 27?
17
What is the remainder when 873 is divided by 12?
9
What is the remainder when 497 is divided by 51?
38
What is the remainder when 164 is divided by 63?
38
Calculate the remainder when 13 is divided by 3.
1
Calculate the remainder when 5436 is divided by 271.
16
Calculate the remainder when 877 is divided by 218.
5
Calculate the remainder when 425 is divided by 71.
70
What is the remainder when 357 is divided by 173?
11
Calculate the remainder when 119 is divided by 22.
9
What is the remainder when 616 is divided by 108?
76
Calculate the remainder when 65 is divided by 17.
14
Calculate the remainder when 2895 is divided by 962.
9
What is the remainder when 1478 is divided by 37?
35
What is the remainder when 594 is divided by 86?
78
What is the remainder when 397 is divided by 180?
37
What is the remainder when 1005 is divided by 53?
51
What is the remainder when 190 is divided by 58?
16
What is the remainder when 46 is divided by 16?
14
Calculate the remainder when 72 is divided by 17.
4
Calculate the remainder when 4379 is divided by 30.
29
Calculate the remainder when 137 is divided by 30.
17
What is the remainder when 174 is divided by 4?
2
Calculate the remainder when 440 is divided by 17.
15
What is the remainder when 8317 is divided by 203?
197
Calculate the remainder when 7341 is divided by 11.
4
What is the remainder when 26309 is divided by 22?
19
What is the remainder when 395 is divided by 12?
11
Calculate the remainder when 117 is divided by 20.
17
What is the remainder when 24188 is divided by 205?
203
Calculate the remainder when 177 is divided by 38.
25
Calculate the remainder when 2417 is divided by 202.
195
Calculate the remainder when 2051 is divided by 108.
107
Calculate the remainder when 9061 is divided by 16.
5
Calculate the remainder when 372 is divided by 237.
135
Calculate the remainder when 118 is divided by 105.
13
What is the remainder when 1324 is divided by 16?
12
What is the remainder when 3605 is divided by 361?
356
What is the remainder when 992 is divided by 6?
2
Calculate the remainder when 657 is divided by 69.
36
Calculate the remainder when 7683 is divided by 3832.
19
What is the remainder when 478 is divided by 120?
118
Calculate the remainder when 101 is divided by 87.
14
What is the remainder when 53 is divided by 19?
15
What is the remainder when 817 is divided by 116?
5
Calculate the remainder when 3789 is divided by 237.
234
Calculate the remainder when 4426 is divided by 883.
11
Calculate the remainder when 167 is divided by 82.
3
What is the remainder when 1104 is divided by 152?
40
Calculate the remainder when 411 is divided by 39.
21
What is the remainder when 151 is divided by 13?
8
Calculate the remainder when 215 is divided by 73.
69
What is the remainder when 983 is divided by 17?
14
Calculate the remainder when 104 is divided by 101.
3
What is the remainder when 278 is divided by 15?
8
What is the remainder when 528 is divided by 12?
0
What is the remainder when 41 is divided by 14?
13
Calculate the remainder when 7493 is divided by 183.
173
What is the remainder when 116 is divided by 82?
34
Calculate the remainder when 1421 is divided by 42.
35
What is the remainder when 264 is divided by 24?
0
Calculate the remainder when 143 is divided by 136.
7
What is the remainder when 992 is divided by 249?
245
Calculate the remainder when 1213 is divided by 404.
1
What is the remainder when 777 is divided by 383?
11
What is the remainder when 3237 is divided by 27?
24
What is the remainder when 803 is divided by 231?
110
Calculate the remainder when 1597 is divided by 39.
37
Calculate the remainder when 675 is divided by 38.
29
Calculate the remainder when 271 is divided by 12.
7
What is the remainder when 2637 is divided by 40?
37
What is the remainder when 12601 is divided by 92?
89
Calculate the remainder when 2412 is divided by 151.
147
Calculate the remainder when 78 is divided by 5.
3
Calculate the remainder when 2010 is divided by 11.
8
What is the remainder when 3017 is divided by 53?
49
Calculate the remainder when 658 is divided by 357.
301
Calculate the remainder when 1132 is divided by 54.
52
What is the remainder when 617 is divided by 168?
113
Calculate the remainder when 381 is divided by 134.
113
Calculate the remainder when 869 is divided by 13.
11
Calculate the remainder when 130 is divided by 22.
20
Calculate the remainder when 100 is divided by 20.
0
Calculate the remainder when 861 is divided by 54.
51
Calculate the remainder when 596 is divided by 55.
46
Calculate the remainder when 42 is divided by 8.
2
Calculate the remainder when 1359 is divided by 274.
263
Calculate the remainder when 70 is divided by 20.
10
What is the remainder when 43 is divided by 24?
19
What is the remainder when 1442 is divided by 37?
36
What is the remainder when 365 is divided by 94?
83
Calculate the remainder when 146 is divided by 26.
16
Calculate the remainder when 1228 is divided by 30.
28
What is the remainder when 3 is divided by 1?
0
Calculate the remainder when 1474 is divided by 132.
22
What is the remainder when 171 is divided by 161?
10
What is the remainder when 97 is divided by 27?
16
What is the remainder when 862 is divided by 142?
10
Calculate the remainder when 44 is divided by 7.
2
Calculate the remainder when 1662 is divided by 285.
237
What is the remainder when 181 is divided by 26?
25
Calculate the remainder when 1616 is divided by 162.
158
Calculate the remainder when 1446 is divided by 130.
16
What is the remainder when 13518 is divided by 11?
10
Calculate the remainder when 2776 is divided by 9.
4
Calculate the remainder when 7631 is divided by 12.
11
What is the remainder when 1534 is divided by 169?
13
What is the remainder when 656 is divided by 73?
72
What is the remainder when 7638 is divided by 41?
12
What is the remainder when 1022 is divided by 54?
50
What is the remainder when 524 is divided by 17?
14
Calculate the remainder when 150 is divided by 80.
70
What is the remainder when 250 i